m(b) = -2*b - 3. Give m(-6).
9
Let c(v) = -v**3 + 8*v**2 + 8*v - 4. Give c(8).
60
Let r(w) = -w**2 + 8*w + 1. What is r(8)?
1
Let t(h) = 3*h + 55. Give t(-14).
13
Let h(z) = z**2 - 36*z + 149. What is h(28)?
-75
Let q(b) = b + 6. Calculate q(-11).
-5
Let a(m) = -m**3 + 4*m**2 + 5*m + 5. What is a(5)?
5
Let l(i) = i**2 + 12*i - 26. What is l(-11)?
-37
Let q(f) = 4*f + 12. Calculate q(-5).
-8
Let f(o) = -2*o + 15. What is f(13)?
-11
Let g(y) = y**3 - 21*y**2 - 28*y + 154. What is g(22)?
22
Let i(u) = u**2 + 2*u. Give i(-4).
8
Let u(q) = q**3 + 8*q**2 + 3*q - 1. What is u(-4)?
51
Let m(i) = -29*i**3 - 3*i + 3. What is m(1)?
-29
Let r(y) = y**2 - 7*y. Calculate r(8).
8
Let a(p) = -15*p - 10. Give a(4).
-70
Let u(x) = -x - 20. Determine u(-7).
-13
Let w(q) = 149*q - 902. Calculate w(6).
-8
Let v(a) = 4*a + 32. What is v(-10)?
-8
Let s(y) = y**3 + 6*y**2 + y - 3. Give s(-6).
-9
Let t(h) = -3*h - 5. Give t(0).
-5
Let d(g) = g**2 - 13*g + 8. Give d(10).
-22
Let m(k) = k - 1. Give m(-7).
-8
Let b(h) = 10*h**2 - 36*h + 34. Calculate b(1).
8
Let o(q) = -q**2 - 4*q + 1. Determine o(-5).
-4
Let g(k) = -4*k + 8. Give g(3).
-4
Let o(z) = -3*z**3 + 3*z - 1. Calculate o(1).
-1
Let p(y) = -2*y**3 - 19*y**2 + 33*y - 22. Determine p(-11).
-22
Let j(k) = -3*k**2 + 13*k + 2. Calculate j(6).
-28
Let r(q) = -14*q + 273. Calculate r(18).
21
Let g(c) = c**3 + 16*c**2 + 13*c - 18. Give g(-15).
12
Let u(q) = q**2 - 3*q - 5. Calculate u(-3).
13
Let n(d) = 3*d + 4. Give n(-3).
-5
Let p(c) = -c**2 + 14*c - 1. Calculate p(9).
44
Let i(v) = -7*v**3 - 2*v**2 - v + 2. Give i(-2).
52
Let p(g) = 6*g**2 - 5*g + 7. Determine p(1).
8
Let j(m) = -m**3 - 11*m**2 + 15*m + 46. What is j(-12)?
10
Let c(y) = y**3 + 3*y**2 - 7*y - 2. Calculate c(-5).
-17
Let b(g) = -g**2 + 19. Determine b(5).
-6
Let r(s) = -3*s + 187. Give r(47).
46
Let n(j) = -j - 5. What is n(3)?
-8
Let w(k) = k**3 - 19*k**2 + 35*k - 30. What is w(17)?
-13
Let y(u) = u**3 - u**2 + u - 2. Calculate y(2).
4
Let c(a) = 4*a**2 - 60*a + 2. Give c(15).
2
Let q(h) = -2*h**3 + 6*h**2 - h - 4. Give q(4).
-40
Let u(l) = -13*l**3 + 4*l + 3. Give u(-1).
12
Let s(u) = -u - 6. Calculate s(6).
-12
Let t(p) = p**3 - 5*p**2 + 16*p - 57. Determine t(4).
-9
Let g(h) = h**3 - 5*h**2 - 5*h - 7. Give g(-3).
-64
Let q(r) = 2*r**2 - 15*r - 4. What is q(8)?
4
Let q(s) = -s**2 + s + 12. Determine q(-3).
0
Let d(r) = 2*r**2 + 19*r + 3. What is d(-9)?
-6
Let s(u) = -6*u**2 - 8*u - 1. What is s(-2)?
-9
Let m(f) = 2*f**2 + 74*f + 12. Calculate m(-37).
12
Let v(f) = 3*f - 41. Give v(18).
13
Let v(j) = -j**2 - 8*j + 26. What is v(-11)?
-7
Let t(g) = 14*g**2 - 2*g + 2. Calculate t(1).
14
Let n(o) = 17*o - 8. Determine n(4).
60
Let b(p) = p**2 + 24*p + 113. What is b(-10)?
-27
Let v(x) = x**3 + 20*x**2 + 9*x + 178. Determine v(-20).
-2
Let f(v) = 2*v - 22. Calculate f(7).
-8
Let x(i) = -i**3 + 13*i**2 - 25*i + 40. Give x(11).
7
Let d(s) = 14*s + 3. Give d(-2).
-25
Let k(j) = 15*j**2 - 88*j - 1. Determine k(6).
11
Let y(c) = -2*c**2 - 31. Determine y(0).
-31
Let v(g) = -g**3 - 6*g**2 + 10*g - 15. Determine v(-8).
33
Let c(p) = -p**2 - p + 16. What is c(3)?
4
Let k(a) = -4*a**3 - 2*a**2 + 2*a. What is k(1)?
-4
Let v(a) = -2*a**2 - 24*a - 11. Give v(-12).
-11
Let h(q) = -q**3 + 8*q**2 - 6*q. Determine h(7).
7
Let v(g) = -g**3 - 6*g**2 - 7*g - 7. Calculate v(-5).
3
Let s(l) = 2*l - 70. What is s(6)?
-58
Let z(o) = -o**2 + 6*o + 83. Determine z(-6).
11
Let p(j) = 8*j**2 + 62*j - 13. Give p(-8).
3
Let o(v) = v**3 - 10*v**2 + 18*v - 17. Calculate o(8).
-1
Let z(l) = l**2 + 5*l + 9. Calculate z(-3).
3
Let w(d) = -24*d - 154. Give w(-7).
14
Let m(w) = w**3 - 8*w**2 - 9*w. Calculate m(9).
0
Let m(j) = 15*j + 8. Give m(-6).
-82
Let j(b) = -100*b - 610. Determine j(-6).
-10
Let b(p) = -p**3 + 4*p**2 - 5*p + 23. What is b(4)?
3
Let b(q) = q - 8. What is b(4)?
-4
Let c(w) = -w**3 - 2*w**2 + 11*w + 9. Calculate c(-4).
-3
Let s(m) = -5*m**3 + 2*m**2 + m. Calculate s(1).
-2
Let w(r) = -2*r + 30. Calculate w(15).
0
Let y(u) = u**2 - 60*u + 504. Give y(50).
4
Let j(u) = -4*u**3 - 3*u - 2. Determine j(-1).
5
Let n(w) = -w - 14. Determine n(-7).
-7
Let d(x) = -9*x + 25. Determine d(5).
-20
Let t(i) = -11*i + 147. Calculate t(13).
4
Let c(a) = a**3 - 5*a**2 + 5*a + 7. What is c(3)?
4
Let a(l) = l**2 + 10*l + 5. Give a(-7).
-16
Let z(g) = -g**3 - g**2 - g - 3. Calculate z(-2).
3
Let f(v) = 5*v + 45. What is f(-9)?
0
Let o(u) = u**2 + 21*u + 75. Determine o(-17).
7
Let k(d) = d**2 - 14*d - 17. Give k(15).
-2
Let q(c) = 2*c - 3. What is q(4)?
5
Let a(x) = x - 41. Give a(25).
-16
Let k(t) = t**2 + 13*t + 9. Determine k(-13).
9
Let q(d) = d + 10. Determine q(-5).
5
Let l(t) = 2*t + 2. Give l(5).
12
Let f(b) = -b**2 + 28*b + 94. Determine f(32).
-34
Let n(y) = y**3 + 18*y**2 + 4*y + 18. Determine n(-18).
-54
Let f(m) = -m**3 + 22*m**2 + m + 18. What is f(22)?
40
Let m(t) = -t**2 + 4*t - 10. What is m(7)?
-31
Let b(y) = y**3 - 36*y**2 - 37*y. Calculate b(37).
0
Let v(h) = h**2 + 37*h - 602. Calculate v(-49).
-14
Let v(z) = -2*z**3 + 3*z**2 + 12*z + 6. Determine v(-3).
51
Let z(g) = -7*g - 46. What is z(4)?
-74
Let g(n) = 7*n**3 - 3*n**2. What is g(2)?
44
Let f(o) = o**3 - 7*o**2 + 2*o - 6. Give f(5).
-46
Let j(z) = 3*z**3 - 16*z**2 - 34*z + 3. Determine j(7).
10
Let o(p) = 7*p - 61. Calculate o(8).
-5
Let v(n) = -4*n**3 - 2*n - 1. Determine v(-1).
5
Let r(y) = 27*y**3 + y**2 + y - 1. What is r(1)?
28
Let y(n) = n**3 - 7*n**2 - 1. Calculate y(6).
-37
Let j(n) = -n**3 + 8*n**2 - 8*n + 10. What is j(7)?
3
Let u(w) = -4*w**2 - 30*w - 7. Give u(-7).
7
Let c(o) = -3*o**2 + 60*o + 18. What is c(20)?
18
Let y(d) = d**3 + 18*d**2 + 35*d + 30. Calculate y(-16).
-18
Let a(t) = t**2 - t + 4. What is a(0)?
4
Let k(b) = -2*b**2 - 5*b + 17. What is k(-6)?
-25
Let x(n) = n**3 + n**2 + 103. Determine x(0).
103
Let x(j) = -78*j. Calculate x(1).
-78
Let g(m) = -3*m - 11. What is g(-6)?
7
Let l(v) = 2*v - 3. Determine l(-5).
-13
Let j(a) = -a**3 + 7*a**2 - 3*a - 5. Determine j(6).
13
Let a(h) = -h**2 - 2*h + 6. Determine a(4).
-18
Let n(r) = r**3 - 18*r**2 - 19*r + 22. Calculate n(19).
22
Let r(o) = o**3 + 6*o**2 + 2*o + 5. Determine r(-5).
20
Let c(g) = 17*g - 79. What is c(6)?
23
Let p(i) = -29*i - 314. Give p(-10).
-24
Let n(x) = x**3 - 41*x**2 - 86*x - 3. Give n(43).
-3
Let m(b) = 3*b + 77. Give m(7).
98
Let j(r) = -10*r**2 + 39*r + 8. Determine j(4).
4
Let p(w) = 19*w - 38. What is p(8)?
114
Let g(k) = -3*k**3 + 5*k**2 + 4*k - 5. What is g(3)?
-29
Let w(p) = -p**2 - 8*p - 3. Determine w(-7).
4
Let h(r) = -r**3 - 6*r**2 - 9*r + 3. Calculate h(-3).
3
Let m(o) = -34*o - 7. Determine m(0).
-7
Let d(r) = 24*r - 56. Give d(3).
16
Let r(c) = c**2 + 9*c + 15. What is r(-2)?
1
Let i(h) = h + 6. Give i(7).
13
Let z(x) = -x**2 - 29*x - 172. Determine z(-21).
-4
Let t(p) = -7*p**2 - 95*p + 47. What is t(-14)?
5
Let j(p) = -p + 5. What is j(-16)?
21
Let u(r) = -r**2 + 24*r - 3. Give u(24).
-3
Let i(v) = 6*v + 2. Calculate i(3).
20
Let b(g) = 4*g**2 - 10*g + 5. What is b(3)?
11
Let l(h) = -67*h - 265. Give l(-4).
3
Let a(y) = -6*y + 19. Give a(5).
-11
Let x(b) = -2*b**2 + 7*b + 2. What is x(3)?
5
Let o(q) = -q**3 + 3*q**2 - 4*q + 2. Calculate o(3).
-10
Let y(c) = -7*c + 75. What is y(7)?
26
Let t(c) = -86*c - 6. Give t(0).
-6
Let x(r) = 9*r - 5. What is x(-5)?
-50
Let h(p) = 3*p**3 - 95*p**2 + 59*p + 73. What is h(31)?
-20
Let c(l) = -l**2 + 8*l + 2. Determine c(6).
14
Let t(d) = -d**3 - 9*d**2 + 31*d + 15. Give t(-12).
75
Let y(k) = -2*k + 10. Give y(12).
-14
Let z(g) = -g**2 + 8*g - 8. Calculate z(4).
8
Let p(b) = -24*b**3 + 2*b**2 + 2*b. Calculate p(-1).
24
Let h(x) = -x**3 + 42*x**2 + 40*x + 131. Give h(43).
2
Let g(c) = 57*c**2 + c. Give g(-1).
56
Let f(n) = n**3 + 5*n**2 + 7*n + 6. Determine f(-4).
-6
Let d(m) = 6*m - 23. Calculate d(4).
1
Let t(u) = -u**2 - 7*u + 7. What is t(-6)?
13
Let i(v) = 4*v**3 - 26*v**2 + 12*v - 7. What is i(6)?
-7
Let o(c) = 2*c + 9. Give o(-9).
-9
Let v(c) = 2*c + 4. Calculate v(-3).
-2
Let i(h) = 5*h**3 - 2*h**2 + 1. What is i(1)?
4
Let k(p) = p**3 + 4*p - 15. Determine k(0).
-15
Let h(b) = b - 15. What is h(12)?
-3
Let f(o) = -o**3 - 3*o**2 + 6*o + 2. Calculate f(-4).
-6
Let p(h) = 17*h**3 + 2*h**2 - h - 2. Determine p(-1).
-16
Let w(b) = -7*b + 52. Give w(12).
-32
Let g